{"id":166,"date":"2015-02-19T20:32:57","date_gmt":"2015-02-19T20:32:57","guid":{"rendered":"http:\/\/villagaia.fr\/?page_id=166"},"modified":"2025-05-02T15:18:05","modified_gmt":"2025-05-02T15:18:05","slug":"contact","status":"publish","type":"page","link":"https:\/\/villagaia.fr\/?page_id=166","title":{"rendered":"Contact -tarifs"},"content":{"rendered":"<p><span style=\"color: #ff6600;\">Tarifs 2025<\/span><\/p>\n<p>villa1:\u00a0 7 personnes maximum avec terrasse:20 000Dz la nuit\u00e9e &#8211; 30 % \u00e0 la r\u00e9servation. Avec contrat. (prendre contact par t\u00e9l\u00e9phone ou mail)<\/p>\n<p>villa2,\u00a0 7 personnes maximum avec terrasse et chambre avec loggia: 22 000 Dz\u00a0 la nuit\u00e9e.<\/p>\n<p><strong><em>R\u00e9duction de 2000 dinars par nuit\u00e9e si vous r\u00e9servez avant le 15 juin!<\/em><\/strong><\/p>\n<p>Lit b\u00e9b\u00e9 sur demande<\/p>\n<p>Nous proposons \u00e9galement des locations week-end dans l&rsquo;ann\u00e9e. Nous consulter pour les tarifs.<\/p>\n<p>Il est facile de nous contacter<\/p>\n<p>-en France (rarement pr\u00e9sents) par t\u00e9l\u00e9phone:\u00a0 avec Whatsapp, Viber, ou Messenger : 0033 762109358 ou 0033780350976 ou sur \u00ab\u00a0villagaia\u00a0\u00bb par Facebook<\/p>\n<p>-en Alg\u00e9rie sur le mobile: <strong><em><span style=\"color: #333399;\">00213 699 49 10 45 \/ 00213 699 54 10 45 (par Whatsapp, Messenger, Viber \u00e9galement)<br \/>\n<\/span><\/em><\/strong><\/p>\n<p>ou de <em><strong>pr\u00e9f\u00e9rence<\/strong><\/em> par mail: <span style=\"color: #0000ff;\">locationvillagaia@gmail.com<\/span><\/p>\n<p><span style=\"color: #cf8536;\">Hors saison. N&rsquo;h\u00e9sitez pas \u00e0 nous contacter.<\/span><\/p>\n<p>Par s\u00e9curit\u00e9, nous prenons toujours contact avec les futurs locataires, par t\u00e9l\u00e9phone. Toutes les demandes sont prises en compte. Apr\u00e8s accord t\u00e9l\u00e9phonique et valid\u00e9 par mail, un contrat vous est envoy\u00e9 ainsi que le mode de paiement. Il est m\u00eame possible d&rsquo;envoyer un membre de la famille visiter le site&#8230;Pas de mauvaises surprises \u00e0 l&rsquo;arriv\u00e9e!<\/p>\n<figure id=\"attachment_180\" aria-describedby=\"caption-attachment-180\" style=\"width: 150px\" class=\"wp-caption aligncenter\"><a href=\"https:\/\/i0.wp.com\/villagaia.fr\/wp-content\/uploads\/2015\/02\/A%C3%AFcha1.jpg\"><img data-recalc-dims=\"1\" loading=\"lazy\" decoding=\"async\" data-attachment-id=\"180\" data-permalink=\"https:\/\/villagaia.fr\/?attachment_id=180\" data-orig-file=\"https:\/\/i0.wp.com\/villagaia.fr\/wp-content\/uploads\/2015\/02\/A%C3%AFcha1.jpg?fit=1718%2C1863&amp;ssl=1\" data-orig-size=\"1718,1863\" data-comments-opened=\"0\" data-image-meta=\"{&quot;aperture&quot;:&quot;2.6&quot;,&quot;credit&quot;:&quot;&quot;,&quot;camera&quot;:&quot;Canon PowerShot A570 IS&quot;,&quot;caption&quot;:&quot;&quot;,&quot;created_timestamp&quot;:&quot;1216414009&quot;,&quot;copyright&quot;:&quot;&quot;,&quot;focal_length&quot;:&quot;5.8&quot;,&quot;iso&quot;:&quot;250&quot;,&quot;shutter_speed&quot;:&quot;0.016666666666667&quot;,&quot;title&quot;:&quot;&quot;,&quot;orientation&quot;:&quot;1&quot;}\" data-image-title=\"A\u00efcha1\" data-image-description=\"\" data-image-caption=\"&lt;p&gt;Mme  Atrouche &lt;\/p&gt;\n\" data-large-file=\"https:\/\/i0.wp.com\/villagaia.fr\/wp-content\/uploads\/2015\/02\/A%C3%AFcha1.jpg?fit=474%2C514&amp;ssl=1\" class=\"wp-image-180 size-thumbnail\" src=\"https:\/\/i0.wp.com\/villagaia.fr\/wp-content\/uploads\/2015\/02\/A%C3%AFcha1-150x150.jpg?resize=150%2C150\" alt=\"Mme Atrouche \" width=\"150\" height=\"150\" srcset=\"https:\/\/i0.wp.com\/villagaia.fr\/wp-content\/uploads\/2015\/02\/A%C3%AFcha1.jpg?resize=150%2C150&amp;ssl=1 150w, https:\/\/i0.wp.com\/villagaia.fr\/wp-content\/uploads\/2015\/02\/A%C3%AFcha1.jpg?zoom=2&amp;resize=150%2C150&amp;ssl=1 300w, https:\/\/i0.wp.com\/villagaia.fr\/wp-content\/uploads\/2015\/02\/A%C3%AFcha1.jpg?zoom=3&amp;resize=150%2C150&amp;ssl=1 450w\" sizes=\"auto, (max-width: 150px) 100vw, 150px\" \/><\/a><figcaption id=\"caption-attachment-180\" class=\"wp-caption-text\">Mme Atrouche-Vandrotte<\/figcaption><\/figure>\n<figure id=\"attachment_181\" aria-describedby=\"caption-attachment-181\" style=\"width: 150px\" class=\"wp-caption aligncenter\"><a href=\"https:\/\/i0.wp.com\/villagaia.fr\/wp-content\/uploads\/2015\/02\/G%C3%A9rard.jpg\"><img data-recalc-dims=\"1\" loading=\"lazy\" decoding=\"async\" data-attachment-id=\"181\" data-permalink=\"https:\/\/villagaia.fr\/?attachment_id=181\" data-orig-file=\"https:\/\/i0.wp.com\/villagaia.fr\/wp-content\/uploads\/2015\/02\/G%C3%A9rard.jpg?fit=690%2C598&amp;ssl=1\" data-orig-size=\"690,598\" data-comments-opened=\"0\" data-image-meta=\"{&quot;aperture&quot;:&quot;2.8&quot;,&quot;credit&quot;:&quot;&quot;,&quot;camera&quot;:&quot;Canon PowerShot A570 IS&quot;,&quot;caption&quot;:&quot;&quot;,&quot;created_timestamp&quot;:&quot;1218010700&quot;,&quot;copyright&quot;:&quot;&quot;,&quot;focal_length&quot;:&quot;5.8&quot;,&quot;iso&quot;:&quot;80&quot;,&quot;shutter_speed&quot;:&quot;0.001&quot;,&quot;title&quot;:&quot;&quot;,&quot;orientation&quot;:&quot;1&quot;}\" data-image-title=\"G\u00e9rard\" data-image-description=\"\" data-image-caption=\"&lt;p&gt;G\u00e9rard Atrouche-Vandrotte&lt;\/p&gt;\n\" data-large-file=\"https:\/\/i0.wp.com\/villagaia.fr\/wp-content\/uploads\/2015\/02\/G%C3%A9rard.jpg?fit=474%2C411&amp;ssl=1\" class=\"size-thumbnail wp-image-181\" src=\"https:\/\/i0.wp.com\/villagaia.fr\/wp-content\/uploads\/2015\/02\/G%C3%A9rard-150x150.jpg?resize=150%2C150\" alt=\"G\u00e9rard Atrouche-Vandrotte\" width=\"150\" height=\"150\" srcset=\"https:\/\/i0.wp.com\/villagaia.fr\/wp-content\/uploads\/2015\/02\/G%C3%A9rard.jpg?resize=150%2C150&amp;ssl=1 150w, https:\/\/i0.wp.com\/villagaia.fr\/wp-content\/uploads\/2015\/02\/G%C3%A9rard.jpg?zoom=2&amp;resize=150%2C150&amp;ssl=1 300w, https:\/\/i0.wp.com\/villagaia.fr\/wp-content\/uploads\/2015\/02\/G%C3%A9rard.jpg?zoom=3&amp;resize=150%2C150&amp;ssl=1 450w\" sizes=\"auto, (max-width: 150px) 100vw, 150px\" \/><\/a><figcaption id=\"caption-attachment-181\" class=\"wp-caption-text\">G\u00e9rard Atrouche-Vandrotte<\/figcaption><\/figure>\n<p><script>\/\/ <![CDATA[ (function(i,s,o,g,r,a,m){i['GoogleAnalyticsObject']=r;i[r]=i[r]||function(){ (i[r].q=i[r].q||[]).push(arguments)},i[r].l=1*new Date();a=s.createElement(o), m=s.getElementsByTagName(o)[0];a.async=1;a.src=g;m.parentNode.insertBefore(a,m) })(window,document,'script','\/\/www.google-analytics.com\/analytics.js','ga'); ga('create', 'UA-59972264-1', 'auto'); ga('send', 'pageview'); \/\/ ]]><\/script><\/p>\n","protected":false},"excerpt":{"rendered":"<p>Tarifs 2025 villa1:\u00a0 7 personnes maximum avec terrasse:20 000Dz la nuit\u00e9e &#8211; 30 % \u00e0 la r\u00e9servation. Avec contrat. (prendre contact par t\u00e9l\u00e9phone ou mail) villa2,\u00a0 7 personnes maximum avec terrasse et chambre avec loggia: 22 000 Dz\u00a0 la nuit\u00e9e. R\u00e9duction de 2000 dinars par nuit\u00e9e si vous r\u00e9servez avant le 15 juin! Lit b\u00e9b\u00e9 &hellip; <a href=\"https:\/\/villagaia.fr\/?page_id=166\" class=\"more-link\">Continuer la lecture de <span class=\"screen-reader-text\">Contact -tarifs<\/span>  <span class=\"meta-nav\">&rarr;<\/span><\/a><\/p>\n","protected":false},"author":1,"featured_media":0,"parent":0,"menu_order":15,"comment_status":"closed","ping_status":"closed","template":"","meta":{"jetpack_post_was_ever_published":false,"footnotes":""},"class_list":["post-166","page","type-page","status-publish","hentry"],"jetpack_sharing_enabled":true,"jetpack_shortlink":"https:\/\/wp.me\/P5MO7D-2G","jetpack_likes_enabled":true,"jetpack-related-posts":[],"_links":{"self":[{"href":"https:\/\/villagaia.fr\/index.php?rest_route=\/wp\/v2\/pages\/166","targetHints":{"allow":["GET"]}}],"collection":[{"href":"https:\/\/villagaia.fr\/index.php?rest_route=\/wp\/v2\/pages"}],"about":[{"href":"https:\/\/villagaia.fr\/index.php?rest_route=\/wp\/v2\/types\/page"}],"author":[{"embeddable":true,"href":"https:\/\/villagaia.fr\/index.php?rest_route=\/wp\/v2\/users\/1"}],"replies":[{"embeddable":true,"href":"https:\/\/villagaia.fr\/index.php?rest_route=%2Fwp%2Fv2%2Fcomments&post=166"}],"version-history":[{"count":37,"href":"https:\/\/villagaia.fr\/index.php?rest_route=\/wp\/v2\/pages\/166\/revisions"}],"predecessor-version":[{"id":1121,"href":"https:\/\/villagaia.fr\/index.php?rest_route=\/wp\/v2\/pages\/166\/revisions\/1121"}],"wp:attachment":[{"href":"https:\/\/villagaia.fr\/index.php?rest_route=%2Fwp%2Fv2%2Fmedia&parent=166"}],"curies":[{"name":"wp","href":"https:\/\/api.w.org\/{rel}","templated":true}]}}